o base 11
-2393
2143 (base 10) to base 6
13531
What is -12221000 (base 3) in base 2?
-1000011100000
-3127 (base 13) to base 14
-2693
Convert -a178 (base 13) to base 6.
-250542
69 (base 10) to base 2
1000101
What is -37f (base 16) in base 13?
-53b
What is 202333 (base 4) in base 16?
8bf
-20313 (base 4) to base 15
-27c
Convert -271b (base 16) to base 12.
-5963
21266 (base 9) to base 16
36f9
What is 221440 (base 5) in base 10?
7745
What is 14 (base 10) in base 8?
16
-3577 (base 11) to base 14
-19c6
Convert 63140 (base 7) to base 10.
15512
Convert 17b64 (base 13) to base 3.
2022221022
What is b507 (base 13) in base 9?
37278
2d2 (base 14) to base 13
354
Convert 212 (base 10) to base 5.
1322
What is -2d2 (base 14) in base 11?
-484
-110345 (base 7) to base 16
-4bbc
Convert 7f7 (base 16) to base 2.
11111110111
-105 (base 15) to base 13
-149
What is -9a (base 16) in base 5?
-1104
What is 1201102 (base 3) in base 15?
588
Convert 2 (base 14) to base 9.
2
What is -57e2 (base 15) in base 14?
-6b30
Convert -31089 (base 10) to base 3.
-1120122110
Convert 1427 (base 8) to base 3.
1002022
What is -10320 (base 5) in base 15?
-325
What is -3841 (base 11) in base 8?
-11616
Convert 204004 (base 5) to base 12.
3aaa
Convert 213535 (base 6) to base 5.
1031244
What is 1233 (base 10) in base 12?
869
What is 12949 (base 11) in base 3?
221022011
-112210022 (base 3) to base 11
-8111
Convert -102243 (base 7) to base 15.
-534c
What is 126176 (base 8) in base 13?
1713a
What is 714c (base 13) in base 2?
11110011111100
3120302 (base 4) to base 7
55310
203032 (base 4) to base 13
1045
What is 5d9 (base 16) in base 15?
69c
Convert 121202 (base 5) to base 15.
1537
What is 11100100000 (base 2) in base 11?
1409
Convert -91 (base 10) to base 11.
-83
What is -1bd (base 15) in base 11?
-337
-7749 (base 10) to base 2
-1111001000101
What is -175 (base 14) in base 13?
-1a0
Convert -242214 (base 5) to base 12.
-52ab
1112 (base 9) to base 10
821
Convert -989 (base 16) to base 15.
-acb
What is -27e (base 16) in base 11?
-530
What is -134445 (base 8) in base 12?
-23519
What is 3612 (base 7) in base 3?
1211100
What is 388 (base 15) in base 12?
56b
-4c3d (base 15) to base 3
-211022011
Convert -1694 (base 11) to base 4.
-201300
Convert 2411 (base 5) to base 2.
101100100
Convert 1fb (base 16) to base 6.
2203
What is 88 (base 16) in base 9?
161
Convert -74 (base 12) to base 9.
-107
Convert 3a8 (base 11) to base 5.
3411
What is 32330110 (base 4) in base 7?
343303
Convert -8183 (base 12) to base 3.
-201022000
Convert 220202 (base 3) to base 6.
3032
52 (base 14) to base 15
4c
-6142 (base 11) to base 16
-1fd9
What is cb9 (base 15) in base 6?
21150
-da (base 15) to base 10
-205
504 (base 6) to base 13
112
Convert -4554 (base 8) to base 7.
-10014
What is -906 (base 15) in base 7?
-5631
11928 (base 12) to base 2
101110011110000
-20122211 (base 3) to base 8
-11367
-1b9d (base 15) to base 16
-176e
8334 (base 12) to base 13
6679
Convert 43442 (base 8) to base 10.
18210
460 (base 15) to base 12
6a6
What is 100101110010010 (base 2) in base 5?
1104341
What is 40512 (base 7) in base 9?
14463
Convert 32477 (base 8) to base 3.
200200212
2001111 (base 3) to base 9
2044
-11023002 (base 4) to base 12
-10316
-1f8 (base 16) to base 4
-13320
What is 1045 (base 6) in base 14?
137
Convert -2103322 (base 4) to base 10.
-9466
What is -a2 (base 13) in base 4?
-2010
111213 (base 7) to base 4
10303023
What is 1001011100 (base 2) in base 14?
312
Convert 14201 (base 5) to base 8.
2230
-10303 (base 5) to base 14
-383
What is -18aae (base 15) in base 9?
-131712
-2033203 (base 4) to base 10
-9187
-16246 (base 7) to base 8
-10757
Convert 18f (base 16) to base 9.
483
9952 (base 14) to base 7
140232
Convert 314661 (base 7) to base 2.
1101010100000011
Convert -565c (base 13) to base 12.
-6ba4
3400 (base 7) to base 10
1225
c5d (base 16) to base 9
4306
-343 (base 11) to base 5
-3120
Convert -934 (base 16) to base 13.
-10c3
-2066c (base 13) to base 4
-32031302
Convert -1c76 (base 14) to base 5.
-131300
-13253 (base 10) to base 12
-7805
-31391 (base 10) to base 16
-7a9f
What is -19629 (base 12) in base 2?
-1001000101000001
Convert 712 (base 12) to base 6.
4422
What is 7747 (base 10) in base 7?
31405
Convert 63b7 (base 12) to base 8.
25273
2200101101 (base 3) to base 9
80341
Convert 11001 (base 3) to base 8.
155
What is 323 (base 16) in base 4?
30203
Convert 4741 (base 8) to base 9.
3420
170 (base 9) to base 11
121
4303 (base 9) to base 7
12135
What is -7677 (base 10) in base 8?
-16775
Convert -111100110 (base 2) to base 7.
-1263
What is 3300313 (base 4) in base 16?
3c37
What is 101010001 (base 2) in base 7?
661
-101101010 (base 2) to base 10
-362
Convert -100021 (base 3) to base 8.
-372
What is 22320 (base 4) in base 7?
2013
What is -34010 (base 6) in base 3?
-20112020
Convert -891 (base 14) to base 16.
-69f
731a (base 11) to base 7
40166
What is -1211222 (base 4) in base 7?
-24653
646c (base 14) to base 7
101365
What is -2097 (base 11) in base 5?
-42033
a1e9 (base 15) to base 2
1000010110010010
What is -1102300 (base 4) in base 5?
-132141
Convert -1112320 (base 4) to base 5.
-134220
2132 (base 5) to base 13
196
What is 5463 (base 8) in base 16?
b33
2003 (base 15) to base 14
2665
Convert -1010000010 (base 2) to base 3.
-212210
-4216 (base 9) to base 7
-12006
What is -1c1 (base 13) in base 15?
-16b
What is 320130 (base 5) in base 9?
15560
Convert 2464 (base 14) to base 2.
1100011011000
Convert 1007 (base 15) to base 8.
6466
-4aa8 (base 11) to base 2
-1100111111100
-4420 (base 5) to base 7
-1531
What is -1301001 (base 4) in base 3?
-100220220
-112221 (base 3) to base 5
-3103
What is 35175 (base 8) in base 9?
22476
999 (base 15) to base 3
2222100
What is 111000010 (base 2) in base 9?
550
What is -112132 (base 4) in base 15?
-65d
Convert 27245 (base 9) to base 11.
12933
Convert -6d6c (base 16) to base 3.
-1102102111
242 (base 10) to base 16
f2
1415 (base 13) to base 12
180b
33023 (base 4) to base 13
599
Convert -125461 (base 7) to base 4.
-11300023
Convert 1444 (base 9) to base 12.
771
4349 (base 14) to base 16
2d6d
What is -73096 (base 10) in base 12?
-36374
What is -10284 (base 11) in base 2?
-11101001111111
What is -447 (base 9) in base 8?
-557
What is 1100001001011 (base 2) in base 5?
144334
What is 350640 (base 7) in base 14?
18c20
What is 141412 (base 5) in base 13?
2887
Convert 102300322 (base 4) to base 10.
76858
-11432 (base 5) to base 6
-4003
-3222 (base 8) to base 14
-882
What is -7b8a (base 13) in base 11?
-12045
-16086 (base 10) to base 2
-11111011010110
What is -1977 (base 10) in base 12?
-1189
-e659 (base 16) to base 9
-88801
Convert 6a5f (base 16) to base 11.
19506
Convert 12334 (base 10) to base 2.
11000000101110
What is 11441 (base 8) in base 13?
22c9
-22122 (base 6) to base 5
-44244
Convert -572d (base 14) to base 9.
-22674
What is -1626 (base 9) in base 2?
-10011010111
What is 935 (base 16) in base 3?
10020022
What is -58611 (base 10) in base 6?
-1131203
Convert -14234 (base 5) to base 13.
-70b
-dac (base 14) to base 10
-2700
178 (base 16) to base 4
11320
110221 (base 5) to base 7
14053
What is -339 (base 11) in base 16?
-195
What is 331a (base 13) in base 16?
1bd1
Convert -2121 (base 10) to base 7.
-6120
Convert -101101100101 (base 2) to base 14.
-10c5
What is -100010100001 (base 2) in base 4?
-202201
-3320 (base 6) to base 13
-471
What is -4142 (base 7) in base 12?
-a0b
What is 4034 (base 11) in base 15?
18c6
-1511 (base 7) to base 13
-36b
What is -12312130 (base 4) in base 12?
-142a4
-4625 (base 7) to base 14
-885
What is -1462 (base 11) in base 9?
-2522
278e (base 16) to base 9
14801
Convert -2b71 (base 12) to base 8.
-12005
What is -36202 (base 8) in base 9?
-23221
-231 (base 6) to base 7
-160
-127 (base 13) to base 2
-11001010
Convert -102110220 (base 3) to base 15.
-272c
-112100112 (base 3) to base 12
-607b
What is 100100001100110 (base 2) in base 10?
18534
Convert 55125 (base 6) to base 8.
16675
What is 122 (base 16) in base 15?
145
What is 24de (base 15) in base 7?
31625
Convert -3d (base 16) to base 5.
-221
2001222010 (base 3) to base 16
9f60
Convert 5a56 (base 13) to base 2.
11000111001010
-101001011 (base 2) to base 12
-237
What is -210101210 (base 3) in base 4?
-3303300
Convert 1000011100 (base 2) to base